mainder when 7513 is divided by 399.
331
What is the remainder when 11231 is divided by 164?
79
Calculate the remainder when 342 is divided by 12.
6
Calculate the remainder when 7347 is divided by 8.
3
Calculate the remainder when 846184 is divided by 33.
31
Calculate the remainder when 9580 is divided by 1595.
10
What is the remainder when 783 is divided by 95?
23
What is the remainder when 15294 is divided by 19?
18
What is the remainder when 7718534 is divided by 155?
154
Calculate the remainder when 964 is divided by 377.
210
What is the remainder when 139018 is divided by 125?
18
What is the remainder when 139781 is divided by 6077?
10
Calculate the remainder when 11325 is divided by 1091.
415
Calculate the remainder when 31663 is divided by 275.
38
What is the remainder when 1312030 is divided by 632?
630
Calculate the remainder when 17494 is divided by 322.
106
Calculate the remainder when 638549 is divided by 258.
257
Calculate the remainder when 200771 is divided by 956.
11
What is the remainder when 59786 is divided by 396?
386
What is the remainder when 223926 is divided by 55979?
10
What is the remainder when 446 is divided by 415?
31
What is the remainder when 6565 is divided by 1635?
25
Calculate the remainder when 43732 is divided by 10903.
120
What is the remainder when 7899 is divided by 468?
411
Calculate the remainder when 2564 is divided by 261.
215
Calculate the remainder when 98889 is divided by 369.
366
Calculate the remainder when 1592 is divided by 16.
8
What is the remainder when 33126 is divided by 3680?
6
Calculate the remainder when 1477 is divided by 106.
99
What is the remainder when 92849 is divided by 829?
1
What is the remainder when 212575 is divided by 1181?
1176
Calculate the remainder when 2039 is divided by 955.
129
What is the remainder when 30623 is divided by 2551?
11
What is the remainder when 6155 is divided by 158?
151
What is the remainder when 24464 is divided by 39?
11
What is the remainder when 11467 is divided by 62?
59
What is the remainder when 420700 is divided by 29?
26
Calculate the remainder when 3940 is divided by 58.
54
What is the remainder when 16936 is divided by 292?
0
What is the remainder when 11904606 is divided by 32?
30
Calculate the remainder when 168968 is divided by 10.
8
What is the remainder when 39829 is divided by 11?
9
What is the remainder when 3209 is divided by 130?
89
Calculate the remainder when 1885230 is divided by 58.
56
What is the remainder when 2240 is divided by 22?
18
Calculate the remainder when 11644 is divided by 614.
592
What is the remainder when 375 is divided by 38?
33
What is the remainder when 726 is divided by 714?
12
Calculate the remainder when 126842 is divided by 42270.
32
Calculate the remainder when 7994428 is divided by 18.
16
What is the remainder when 4797 is divided by 251?
28
What is the remainder when 50522 is divided by 68?
66
What is the remainder when 526833 is divided by 76?
1
What is the remainder when 702 is divided by 424?
278
What is the remainder when 4558 is divided by 4529?
29
Calculate the remainder when 1771 is divided by 79.
33
Calculate the remainder when 293 is divided by 189.
104
Calculate the remainder when 54292 is divided by 19.
9
What is the remainder when 120040 is divided by 60017?
6
Calculate the remainder when 232340 is divided by 22.
20
What is the remainder when 14539 is divided by 4549?
892
Calculate the remainder when 53470 is divided by 48.
46
Calculate the remainder when 147826 is divided by 9855.
1
What is the remainder when 451 is divided by 382?
69
Calculate the remainder when 601955 is divided by 1413.
17
What is the remainder when 60398 is divided by 209?
206
Calculate the remainder when 18300 is divided by 552.
84
Calculate the remainder when 38384 is divided by 19120.
144
What is the remainder when 26793 is divided by 13388?
17
What is the remainder when 482518 is divided by 230?
208
What is the remainder when 178320 is divided by 25474?
2
What is the remainder when 99631 is divided by 138?
133
Calculate the remainder when 3882 is divided by 146.
86
What is the remainder when 6085 is divided by 103?
8
What is the remainder when 5983 is divided by 1488?
31
Calculate the remainder when 36834 is divided by 244.
234
What is the remainder when 1283 is divided by 22?
7
Calculate the remainder when 28436 is divided by 14141.
154
What is the remainder when 381829 is divided by 40?
29
Calculate the remainder when 28327 is divided by 4705.
97
Calculate the remainder when 140610 is divided by 131.
47
What is the remainder when 9489 is divided by 9445?
44
What is the remainder when 2007111 is divided by 1681?
1678
Calculate the remainder when 2442705 is divided by 36.
33
Calculate the remainder when 5351 is divided by 1100.
951
What is the remainder when 13565 is divided by 160?
125
Calculate the remainder when 1761 is divided by 376.
257
Calculate the remainder when 42772 is divided by 186.
178
Calculate the remainder when 34202 is divided by 40.
2
What is the remainder when 863 is divided by 201?
59
Calculate the remainder when 6433 is divided by 320.
33
Calculate the remainder when 21240 is divided by 5204.
424
What is the remainder when 7209 is divided by 2392?
33
Calculate the remainder when 1643 is divided by 544.
11
Calculate the remainder when 1747 is divided by 1740.
7
Calculate the remainder when 181 is divided by 22.
5
What is the remainder when 55681 is divided by 31?
5
Calculate the remainder when 419 is divided by 166.
87
What is the remainder when 26135 is divided by 363?
362
Calculate the remainder when 7521791 is divided by 768.
767
What is the remainder when 8203 is divided by 216?
211
What is the remainder when 11951 is divided by 79?
22
What is the remainder when 122623 is divided by 1572?
7
What is the remainder when 573760 is divided by 19?
17
Calculate the remainder when 68859 is divided by 97.
86
What is the remainder when 22632 is divided by 173?
142
What is the remainder when 263562 is divided by 446?
422
What is the remainder when 17714 is divided by 490?
74
What is the remainder when 155891 is divided by 33?
32
Calculate the remainder when 17913 is divided by 1990.
3
What is the remainder when 1491 is divided by 465?
96
Calculate the remainder when 2290 is divided by 539.
134
What is the remainder when 12868 is divided by 1592?
132
What is the remainder when 8095 is divided by 2013?
43
Calculate the remainder when 143861 is divided by 1251.
1247
What is the remainder when 29167 is divided by 267?
64
Calculate the remainder when 886764 is divided by 295.
289
What is the remainder when 76872 is divided by 916?
844
What is the remainder when 235661 is divided by 1038?
35
What is the remainder when 1057 is divided by 756?
301
What is the remainder when 51839 is divided by 422?
355
What is the remainder when 198488 is divided by 109?
108
What is the remainder when 478 is divided by 122?
112
Calculate the remainder when 1888 is divided by 9.
7
What is the remainder when 4134 is divided by 27?
3
Calculate the remainder when 66124 is divided by 101.
70
Calculate the remainder when 4199 is divided by 836.
19
What is the remainder when 182854 is divided by 456?
454
Calculate the remainder when 84839 is divided by 377.
14
What is the remainder when 2439334 is divided by 402?
400
What is the remainder when 17266 is divided by 15468?
1798
Calculate the remainder when 111397 is divided by 107.
10
What is the remainder when 7814 is divided by 189?
65
What is the remainder when 6307 is divided by 1103?
792
Calculate the remainder when 45008 is divided by 366.
356
Calculate the remainder when 83286 is divided by 34.
20
What is the remainder when 15891 is divided by 34?
13
What is the remainder when 8536 is divided by 73?
68
What is the remainder when 17292 is divided by 455?
2
Calculate the remainder when 3362 is divided by 841.
839
Calculate the remainder when 4465 is divided by 89.
15
Calculate the remainder when 2912 is divided by 2893.
19
Calculate the remainder when 5613824 is divided by 185.
184
What is the remainder when 15085 is divided by 4995?
100
What is the remainder when 792 is divided by 768?
24
What is the remainder when 14531 is divided by 457?
364
Calculate the remainder when 1